Convert 261 (base 9) to base 10.
217
Convert -2c0 (base 15) to base 14.
-330
What is -6661 (base 11) in base 7?
-34411
Convert -434041 (base 5) to base 13.
-6a1b
What is 8087 (base 10) in base 3?
102002112
What is -13255 (base 7) in base 14?
-142c
What is -1481 (base 15) in base 2?
-1000100101100
What is -91b (base 16) in base 11?
-182a
Convert 11000 (base 5) to base 2.
1011101110
-655 (base 10) to base 6
-3011
What is 46105 (base 8) in base 15?
5bba
-324 (base 11) to base 16
-185
Convert 13132 (base 4) to base 3.
122201
1121202 (base 3) to base 6
5245
-446 (base 16) to base 12
-772
Convert 452 (base 16) to base 11.
916
Convert 1112201 (base 3) to base 8.
2146
What is 11101101100 (base 2) in base 7?
5353
What is 729 (base 12) in base 6?
4453
Convert -12120 (base 7) to base 13.
-1584
771 (base 9) to base 13
397
What is -1004115 (base 6) in base 9?
-72222
Convert -11466 (base 7) to base 5.
-43423
-22541 (base 8) to base 14
-36b7
What is 121201 (base 3) in base 13?
289
Convert -1e8 (base 15) to base 9.
-542
What is 2525 (base 6) in base 11?
522
-11111100100110 (base 2) to base 9
-24152
What is 5434 (base 7) in base 10?
1936
574 (base 11) to base 4
22232
Convert 1101001111 (base 2) to base 6.
3531
-2031130 (base 5) to base 7
-166025
Convert -10302 (base 6) to base 14.
-726
What is 21604 (base 8) in base 11?
6916
16510 (base 14) to base 2
1101101001000010
Convert -2202 (base 6) to base 10.
-506
-10102010011 (base 3) to base 5
-4122103
Convert -1901d (base 15) to base 11.
-55972
383 (base 12) to base 9
650
What is 113120 (base 5) in base 10?
4160
Convert 414301 (base 5) to base 3.
200210110
355 (base 7) to base 10
187
Convert -111113 (base 4) to base 3.
-1212122
Convert -188a6 (base 12) to base 14.
-d0bc
Convert 50854 (base 11) to base 3.
10202211100
What is -4203 (base 8) in base 10?
-2179
Convert 7743 (base 8) to base 10.
4067
-140 (base 6) to base 13
-48
796 (base 12) to base 7
3162
-10153 (base 12) to base 10
-20943
Convert -2102023 (base 4) to base 15.
-2b8a
What is -187 (base 9) in base 5?
-1120
Convert -26514 (base 7) to base 9.
-10676
-10220 (base 3) to base 10
-105
What is 1002211201 (base 3) in base 15?
66a4
3550 (base 7) to base 16
51d
What is -22403 (base 7) in base 8?
-13067
What is 2b02 (base 13) in base 8?
14157
What is 2ed (base 15) in base 7?
1651
10783 (base 13) to base 14
ac43
Convert 6033 (base 8) to base 7.
12015
Convert -3254 (base 11) to base 14.
-17ca
What is 4442 (base 6) in base 2?
10000001010
Convert -7a3 (base 12) to base 5.
-14011
-5ba (base 16) to base 10
-1466
221 (base 16) to base 10
545
-308 (base 14) to base 5
-4341
What is 3a5 (base 11) in base 10?
478
What is -10111101001101 (base 2) in base 7?
-50206
What is 15d6 (base 14) in base 12?
2320
-35421 (base 8) to base 7
-62041
Convert -1250 (base 6) to base 15.
-163
What is -62120 (base 8) in base 6?
-314520
2cc (base 14) to base 12
3b8
Convert 8b (base 13) to base 12.
97
Convert -49712 (base 10) to base 7.
-264635
What is 1012423 (base 5) in base 14?
60a9
What is -209 (base 14) in base 8?
-621
Convert 1011100111110100 (base 2) to base 12.
23670
What is -10322 (base 4) in base 14?
-186
What is -243 (base 11) in base 13?
-193
What is -2d52 (base 14) in base 5?
-224413
Convert 114135 (base 7) to base 12.
bb53
What is -745 (base 11) in base 10?
-896
Convert -1000111111101100 (base 2) to base 9.
-55477
-31531 (base 10) to base 4
-13230223
Convert -566 (base 8) to base 12.
-272
What is 12284 (base 10) in base 7?
50546
Convert 1064 (base 8) to base 10.
564
What is -476 (base 13) in base 6?
-3325
Convert 1b36 (base 13) to base 8.
10005
What is 1010100111100 (base 2) in base 5?
133221
What is -12690 (base 12) in base 14?
-9256
Convert c7 (base 13) to base 5.
1123
What is 534 (base 6) in base 12?
14a
Convert 420 (base 7) to base 8.
322
54625 (base 7) to base 12
7b0a
Convert -50bb (base 13) to base 6.
-123323
-1 (base 13) to base 4
-1
1111101100 (base 2) to base 14
51a
What is 21357 (base 8) in base 3?
110021020
What is -16439 (base 12) in base 3?
-1121112000
What is -15430 (base 9) in base 4?
-2210331
What is -1118 (base 9) in base 8?
-1473
What is -a5d (base 16) in base 4?
-221131
What is -11011100001101 (base 2) in base 7?
-56042
What is 6337 (base 12) in base 6?
122111
Convert 1136 (base 7) to base 8.
643
-3341444 (base 5) to base 7
-334003
Convert -2001002 (base 3) to base 14.
-783
What is -2900 (base 12) in base 16?
-1290
What is -20687 (base 13) in base 4?
-32032013
What is -140000 (base 5) in base 13?
-2739
What is b4 (base 15) in base 12?
121
-20bc (base 13) to base 6
-33021
-169 (base 13) to base 6
-1104
What is -2d3 (base 15) in base 5?
-10043
41076 (base 8) to base 11
11817
What is 1067 (base 10) in base 9?
1415
What is -110002212 (base 3) in base 2?
-10001001111001
What is 4220 (base 7) in base 9?
2028
Convert 206465 (base 8) to base 11.
47862
Convert 330001 (base 4) to base 15.
1211
What is -52 (base 15) in base 14?
-57
-622 (base 15) to base 6
-10222
What is -49a3 (base 15) in base 4?
-3310332
5360 (base 9) to base 5
111232
Convert -103100 (base 4) to base 3.
-1200122
What is -100002010 (base 3) in base 7?
-25203
What is 22615 (base 8) in base 3?
111012001
-45214 (base 7) to base 15
-35bd
Convert 661 (base 9) to base 3.
202001
What is -10110 (base 2) in base 9?
-24
Convert a40 (base 14) to base 11.
1573
-2033102 (base 4) to base 2
-10001111010010
What is -6148 (base 9) in base 3?
-20011122
6a2 (base 12) to base 3
1100112
Convert -4130 (base 10) to base 4.
-1000202
What is -1306 (base 7) in base 16?
-1f0
Convert -452 (base 10) to base 12.
-318
What is 10d5 (base 16) in base 4?
1003111
-1260 (base 10) to base 15
-590
What is -1345 (base 9) in base 8?
-1765
What is 5510 (base 7) in base 5?
30332
-9489 (base 13) to base 14
-76ca
Convert 1111210 (base 3) to base 4.
101031
Convert -8872 (base 10) to base 5.
-240442
Convert -102 (base 12) to base 8.
-222
What is 3781 (base 15) in base 6?
130421
What is 4355 (base 6) in base 9?
1338
-32766 (base 10) to base 15
-9a96
What is -13a (base 12) in base 11?
-163
-ad87 (base 15) to base 13
-1399c
What is -183e (base 15) in base 8?
-12162
Convert -399 (base 14) to base 3.
-222210
What is -33033 (base 4) in base 6?
-4303
What is -3222210 (base 4) in base 15?
-46ac
Convert 2511 (base 7) to base 4.
32223
What is 114211 (base 5) in base 16?
10d2
Convert -1202 (base 6) to base 13.
-194
-3441 (base 5) to base 11
-411
Convert c9 (base 13) to base 11.
140
Convert -569 (base 10) to base 14.
-2c9
Convert -208 (base 15) to base 5.
-3313
What is 4671 (base 10) in base 16?
123f
-1103553 (base 6) to base 12
-27bb9
-52557 (base 9) to base 3
-1202121221
Convert -13410 (base 6) to base 5.
-31334
What is -de0 (base 16) in base 5?
-103202
Convert -39 (base 14) to base 11.
-47
Convert -230 (base 5) to base 6.
-145
-11230 (base 4) to base 2
-101101100
Convert -123 (base 5) to base 8.
-46
What is 142 (base 5) in base 4?
233
What is -ef4 (base 16) in base 9?
-5223
-3223 (base 4) to base 8
-353
Convert -9979 (base 12) to base 13.
-7932
101202 (base 3) to base 12
202
Convert 793 (base 11) to base 6.
4221
What is 7c (base 16) in base 13?
97
What is 2203 (base 5) in base 16?
12f
What is -19bc (base 13) in base 11?
-2a01
-20431 (base 12) to base 3
-2010201201
-1220000 (base 5) to base 10
-23125
-1324 (base 6) to base 3
-110121
What is -13133 (base 4) in base 3?
-122202
What is -1881 (base 10) in base 6?
-12413
What is -4880 (base 11) in base 3?
-22202022
What is -20b9 (base 16) in base 8?
-20271
What is -1170 (base 13) in base 11?
-1934
Convert -120 (base 8) to base 13.
-62
-1222220 (base 3) to base 4
-112233
-10111000110111 (base 2) to base 8
-27067
Convert -5641 (base 9) to base 14.
-173a
-312103 (base 4) to base 12
-2017
Convert 3220 (base 4) to base 16.
e8
Convert -1b19 (base 12) to base 4.
-310011
c16 (base 16) to base 5
44334
Convert 89db (base 14) to base 2.
101110101100101
Convert 110100000111 (base 2) to base 7.
12503
What is 5201 (base 6) in base 7?
3235
What is -101466 (base 8) in base 6?
-415302
What is 784 (base 10) in base 13?
484
121 (base 11) to base 3
12100
Convert 3982 (base 10) to base 13.
1a74
What is -1424315 (base 6) in base 10?
-81335
13060 (base 9) to base 14
32ca
What is 139 (base 13) in base 2?
11011001
Convert 3024 (base 14) 